{"id":48,"date":"2018-09-13T16:51:10","date_gmt":"2018-09-13T16:51:10","guid":{"rendered":"http:\/\/beuf.fcaglp.unlp.edu.ar\/wordpress\/?page_id=48"},"modified":"2022-10-25T10:57:22","modified_gmt":"2022-10-25T13:57:22","slug":"inicio-2","status":"publish","type":"page","link":"http:\/\/museo.fcaglp.unlp.edu.ar\/","title":{"rendered":"Inicio"},"content":{"rendered":"\n<p>&nbsp;<\/p>\n\n\n\n<p>&nbsp;<\/p>\n\n\n\n<div class=\"wp-block-columns is-layout-flex wp-container-core-columns-is-layout-9d6595d7 wp-block-columns-is-layout-flex\">\n<div class=\"wp-block-column is-layout-flow wp-block-column-is-layout-flow\" style=\"flex-basis:100%\">\n<figure class=\"wp-block-image size-large\"><img loading=\"lazy\" decoding=\"async\" width=\"1024\" height=\"384\" src=\"http:\/\/museo.fcaglp.unlp.edu.ar\/wp-content\/uploads\/2022\/10\/museo.horizontal_Mesa-de-trabajo-1-1024x384.jpg\" alt=\"\" class=\"wp-image-1424\" srcset=\"http:\/\/museo.fcaglp.unlp.edu.ar\/wp-content\/uploads\/2022\/10\/museo.horizontal_Mesa-de-trabajo-1-1024x384.jpg 1024w, http:\/\/museo.fcaglp.unlp.edu.ar\/wp-content\/uploads\/2022\/10\/museo.horizontal_Mesa-de-trabajo-1-300x112.jpg 300w, http:\/\/museo.fcaglp.unlp.edu.ar\/wp-content\/uploads\/2022\/10\/museo.horizontal_Mesa-de-trabajo-1-768x288.jpg 768w, http:\/\/museo.fcaglp.unlp.edu.ar\/wp-content\/uploads\/2022\/10\/museo.horizontal_Mesa-de-trabajo-1-1536x575.jpg 1536w, http:\/\/museo.fcaglp.unlp.edu.ar\/wp-content\/uploads\/2022\/10\/museo.horizontal_Mesa-de-trabajo-1-2048x767.jpg 2048w\" sizes=\"auto, (max-width: 767px) 89vw, (max-width: 1000px) 54vw, (max-width: 1071px) 543px, 580px\" \/><\/figure>\n<\/div>\n<\/div>\n\n\n\n<p>El Museo de Astronom\u00eda y Geof\u00edsica tiene como misi\u00f3n la <strong><em>gesti\u00f3n,&nbsp;recuperaci\u00f3n, conservaci\u00f3n y difusi\u00f3n del patrimonio hist\u00f3rico y cultural de la&nbsp;Facultad de Ciencias Astron\u00f3micas y Geof\u00edsicas.<\/em><\/strong><\/p>\n\n\n\n<p>Como museo universitario,&nbsp;pretende generar un espacio de investigaci\u00f3n y de di\u00e1logo con la comunidad&nbsp;sobre el patrimonio del Observatorio y la historia de la Astronom\u00eda, la&nbsp;Meteorolog\u00eda y la Geof\u00edsica en nuestra regi\u00f3n.&nbsp;El Observatorio de La Plata fue fundado en 1883, y desde esa \u00e9poca se&nbsp;pens\u00f3 en la creaci\u00f3n de un museo. Esto reci\u00e9n ocurri\u00f3 un poco m\u00e1s de cien&nbsp;a\u00f1os despu\u00e9s cuando en julio de 1997 la Facultad de Ciencias Astron\u00f3micas&nbsp;y Geof\u00edsicas decide su creaci\u00f3n.&nbsp;El acervo del Museo est\u00e1 constituido por los instrumentos cient\u00edficos que&nbsp;fueron adquiridos a finales del siglo XIX y durante el siglo XX y que dan&nbsp;cuenta de los comienzos de la astronom\u00eda y la geof\u00edsica en nuestro pa\u00eds;&nbsp;adem\u00e1s de documentos generados en la instituci\u00f3n, m\u00e1s de un centenar de&nbsp;libros antiguos y un gran n\u00famero de negativos de vidrio y de placas&nbsp;fotogr\u00e1ficas con im\u00e1genes de objetos celestes.<\/p>\n\n\n\n<p>El Museo forma parte del \u00c1rea de Extensi\u00f3n de la Facultad y cuenta con un&nbsp;sistema de visitas guiadas, dirigidas al p\u00fablico en general y escolar en todos&nbsp;sus niveles.<\/p>\n","protected":false},"excerpt":{"rendered":"<p>&nbsp; &nbsp; El Museo de Astronom\u00eda y Geof\u00edsica tiene como misi\u00f3n la gesti\u00f3n,&nbsp;recuperaci\u00f3n, conservaci\u00f3n y difusi\u00f3n del patrimonio hist\u00f3rico y cultural de la&nbsp;Facultad de Ciencias Astron\u00f3micas y Geof\u00edsicas. Como museo universitario,&nbsp;pretende generar un espacio de investigaci\u00f3n y de di\u00e1logo con la comunidad&nbsp;sobre el patrimonio del Observatorio y la historia de la Astronom\u00eda, la&nbsp;Meteorolog\u00eda y la &hellip; <\/p>\n<p class=\"link-more\"><a href=\"http:\/\/museo.fcaglp.unlp.edu.ar\/\" class=\"more-link\">Continuar leyendo<span class=\"screen-reader-text\"> \u00abInicio\u00bb<\/span><\/a><\/p>\n","protected":false},"author":1,"featured_media":0,"parent":0,"menu_order":0,"comment_status":"closed","ping_status":"closed","template":"","meta":{"footnotes":""},"class_list":["post-48","page","type-page","status-publish","hentry"],"_links":{"self":[{"href":"http:\/\/museo.fcaglp.unlp.edu.ar\/index.php\/wp-json\/wp\/v2\/pages\/48","targetHints":{"allow":["GET"]}}],"collection":[{"href":"http:\/\/museo.fcaglp.unlp.edu.ar\/index.php\/wp-json\/wp\/v2\/pages"}],"about":[{"href":"http:\/\/museo.fcaglp.unlp.edu.ar\/index.php\/wp-json\/wp\/v2\/types\/page"}],"author":[{"embeddable":true,"href":"http:\/\/museo.fcaglp.unlp.edu.ar\/index.php\/wp-json\/wp\/v2\/users\/1"}],"replies":[{"embeddable":true,"href":"http:\/\/museo.fcaglp.unlp.edu.ar\/index.php\/wp-json\/wp\/v2\/comments?post=48"}],"version-history":[{"count":15,"href":"http:\/\/museo.fcaglp.unlp.edu.ar\/index.php\/wp-json\/wp\/v2\/pages\/48\/revisions"}],"predecessor-version":[{"id":1429,"href":"http:\/\/museo.fcaglp.unlp.edu.ar\/index.php\/wp-json\/wp\/v2\/pages\/48\/revisions\/1429"}],"wp:attachment":[{"href":"http:\/\/museo.fcaglp.unlp.edu.ar\/index.php\/wp-json\/wp\/v2\/media?parent=48"}],"curies":[{"name":"wp","href":"https:\/\/api.w.org\/{rel}","templated":true}]}}