{"id":761,"date":"2020-04-07T12:33:09","date_gmt":"2020-04-07T15:33:09","guid":{"rendered":"http:\/\/museo.fcaglp.unlp.edu.ar\/?page_id=761"},"modified":"2020-06-12T11:08:12","modified_gmt":"2020-06-12T14:08:12","slug":"tte-francisco-beuf-1883-1899","status":"publish","type":"page","link":"http:\/\/museo.fcaglp.unlp.edu.ar\/index.php\/tte-francisco-beuf-1883-1899\/","title":{"rendered":"Francisco Beuf (1883-1899)"},"content":{"rendered":"<p class=\"p1\">Francisco Beuf fue designado encargado de la direcci\u00f3n de las obras del Observatorio Astron\u00f3mico, el <a href=\"http:\/\/museo.fcaglp.unlp.edu.ar\/inve\/documentos\/22-nov-1883.htm\" target=\"_blank\" rel=\"noopener\">22 de noviembre\u00a0 de 1883<\/a><a href=\"http:\/\/museo.fcaglp.unlp.edu.ar\/inve\/documentos\/22-nov-1883.htm\" target=\"_blank\" rel=\"noopener\">.<\/a><\/p>\n<figure id=\"attachment_879\" aria-describedby=\"caption-attachment-879\" style=\"width: 297px\" class=\"wp-caption alignnone\"><img loading=\"lazy\" decoding=\"async\" class=\"wp-image-879\" src=\"http:\/\/museo.fcaglp.unlp.edu.ar\/wp-content\/uploads\/2020\/04\/beuf.jpg\" alt=\"\" width=\"297\" height=\"434\" \/><figcaption id=\"caption-attachment-879\" class=\"wp-caption-text\">Primer Director del Observatorio de La Plata<\/figcaption><\/figure>\n<p class=\"p1\">Bajo su direcci\u00f3n se erigieron gran parte de los edificios, pabellones y otras estructuras del Observatorio. Se adquirieron distinto tipo de instrumental topogr\u00e1fico, astron\u00f3mico, meteorol\u00f3gico y geomagn\u00e9tico. \u00a0Fue el primer director que asumi\u00f3 <a href=\"http:\/\/museo.fcaglp.unlp.edu.ar\/inve\/documentos\/14-ene-1887.htm\" target=\"_blank\" rel=\"noopener\">compromisos internacionales<\/a> (<a href=\"https:\/\/es.wikipedia.org\/wiki\/Carte_du_Ciel\" target=\"_blank\" rel=\"noopener\"><i>Carte du Ciel<\/i>\u00a0 y\u00a0<em>Astrographic Catalogue<\/em>)<\/a> y cre\u00f3 una extensa red meteorol\u00f3gica provincial. Su fallecimiento se produjo en una \u00e9poca de graves dificultades econ\u00f3micas en la provincia.<\/p>\n<p>En esta etapa se construyeron:<\/p>\n<ul>\n<li>El Edificio Principal (<a href=\"http:\/\/museo.fcaglp.unlp.edu.ar\/inve\/documentos\/19-jul-1886.html\" target=\"_blank\" rel=\"noopener\">1886<\/a>-1889).\n<figure id=\"attachment_1057\" aria-describedby=\"caption-attachment-1057\" style=\"width: 333px\" class=\"wp-caption alignnone\"><img loading=\"lazy\" decoding=\"async\" class=\" wp-image-1057\" src=\"http:\/\/museo.fcaglp.unlp.edu.ar\/wp-content\/uploads\/2020\/06\/90718_A.jpg\" alt=\"\" width=\"333\" height=\"250\" \/><figcaption id=\"caption-attachment-1057\" class=\"wp-caption-text\">Archivo General de la Nacio\u0301n Dpto. Doc. Fotogra\u0301ficos. Fotograf\u00eda anterior a 1913<\/figcaption><\/figure>\n<p><figure id=\"attachment_1056\" aria-describedby=\"caption-attachment-1056\" style=\"width: 333px\" class=\"wp-caption alignnone\"><img loading=\"lazy\" decoding=\"async\" class=\" wp-image-1056\" src=\"http:\/\/museo.fcaglp.unlp.edu.ar\/wp-content\/uploads\/2020\/06\/138331_A.jpg\" alt=\"\" width=\"333\" height=\"249\" \/><figcaption id=\"caption-attachment-1056\" class=\"wp-caption-text\">Archivo General de la Nacio\u0301n Dpto. Doc. Fotogra\u0301ficos &#8211; 1928<\/figcaption><\/figure><\/li>\n<li>El edificio\u00a0<span style=\"font-size: 1rem;\">que alberg\u00f3 al<\/span><span style=\"font-size: 1rem;\">\u00a0<\/span><a style=\"font-size: 1rem;\" href=\"http:\/\/museo.fcaglp.unlp.edu.ar\/index.php\/pequeno-ecuatorial\/\" target=\"_blank\" rel=\"noopener\">Peque\u00f1o Ecuatorial<\/a><span style=\"font-size: 1rem;\">\u00a0<\/span><span style=\"font-size: 1rem;\">y al<\/span><span style=\"font-size: 1rem;\">\u00a0<\/span><a style=\"font-size: 1rem;\" href=\"http:\/\/museo.fcaglp.unlp.edu.ar\/index.php\/meridiano-portatil\/\" target=\"_blank\" rel=\"noopener\">C\u00edrculo Meridiano Port\u00e1til Gautier\u00a0<\/a><span style=\"font-size: 1rem;\">(1885-1886). Hoy,<\/span><span style=\"font-size: 1rem;\"><span style=\"font-size: 1rem;\">\u00a0la oficina de Alumnos y la Sala de Computadoras.<\/span><\/span>\n<p><figure id=\"attachment_1059\" aria-describedby=\"caption-attachment-1059\" style=\"width: 339px\" class=\"wp-caption alignnone\"><img loading=\"lazy\" decoding=\"async\" class=\" wp-image-1059\" src=\"http:\/\/museo.fcaglp.unlp.edu.ar\/wp-content\/uploads\/2020\/06\/FoP0054-w.jpg\" alt=\"\" width=\"339\" height=\"250\" \/><figcaption id=\"caption-attachment-1059\" class=\"wp-caption-text\">Imagen c. 1930<\/figcaption><\/figure><\/li>\n<li>El Pabell\u00f3n Oeste (\u00abCasa de Hu\u00e9spedes\u00bb) y el Pabell\u00f3n Este\u00a0 (edificio de Electr\u00f3nica). En cada uno de estos edificios se instal\u00f3 un <a href=\"http:\/\/museo.fcaglp.unlp.edu.ar\/index.php\/anteojo-de-pasajes-gautier\/\" target=\"_blank\" rel=\"noopener\">Anteojo de Pasajes Gautier.<\/a>\n<figure id=\"attachment_1064\" aria-describedby=\"caption-attachment-1064\" style=\"width: 343px\" class=\"wp-caption alignnone\"><img loading=\"lazy\" decoding=\"async\" class=\" wp-image-1064\" src=\"http:\/\/museo.fcaglp.unlp.edu.ar\/wp-content\/uploads\/2020\/06\/pabellone-oeste.png\" alt=\"\" width=\"343\" height=\"224\" \/><figcaption id=\"caption-attachment-1064\" class=\"wp-caption-text\">Pabell\u00f3n oeste (hoy Edificio \u00abCasa de Hu\u00e9spedes\u00bb). Imagen anterior a 1013.<\/figcaption><\/figure>\n<p><figure id=\"attachment_1066\" aria-describedby=\"caption-attachment-1066\" style=\"width: 348px\" class=\"wp-caption alignnone\"><img loading=\"lazy\" decoding=\"async\" class=\" wp-image-1066\" src=\"http:\/\/museo.fcaglp.unlp.edu.ar\/wp-content\/uploads\/2020\/06\/pabellone-este01.png\" alt=\"\" width=\"348\" height=\"228\" \/><figcaption id=\"caption-attachment-1066\" class=\"wp-caption-text\">Pabell\u00f3n Este (hoy Edificio de Electr\u00f3nica). Imagen anterior a 1913.<\/figcaption><\/figure><\/li>\n<li>El edificio Felix Aguilar (1891) que alberg\u00f3\u00a0 a los <a href=\"http:\/\/museo.fcaglp.unlp.edu.ar\/index.php\/meridianos\/\" target=\"_blank\" rel=\"noopener\">Meridianos Gautier\u00a0<\/a> (<a href=\"http:\/\/museo.fcaglp.unlp.edu.ar\/inve\/documentos\/04-mayo-1887.html\" target=\"_blank\" rel=\"noopener\">1887<\/a>-1890) y <a href=\"http:\/\/museo.fcaglp.unlp.edu.ar\/index.php\/meridiano-repsold\/\" target=\"_blank\" rel=\"noopener\">Repsold<\/a> (1908).\n<p><figure id=\"attachment_1068\" aria-describedby=\"caption-attachment-1068\" style=\"width: 355px\" class=\"wp-caption alignnone\"><img loading=\"lazy\" decoding=\"async\" class=\" wp-image-1068\" src=\"http:\/\/museo.fcaglp.unlp.edu.ar\/wp-content\/uploads\/2020\/06\/FoP0033-w.jpg\" alt=\"\" width=\"355\" height=\"258\" \/><figcaption id=\"caption-attachment-1068\" class=\"wp-caption-text\">Edificio F\u00e9lix Aguilar<\/figcaption><\/figure><\/li>\n<li>El edificio del <a href=\"http:\/\/museo.fcaglp.unlp.edu.ar\/index.php\/telescopio-astrografico\/\" target=\"_blank\" rel=\"noopener\">Telescopio Astrogr\u00e1fico<\/a>\u00a0(1890).\n<p><figure id=\"attachment_1069\" aria-describedby=\"caption-attachment-1069\" style=\"width: 355px\" class=\"wp-caption alignnone\"><img loading=\"lazy\" decoding=\"async\" class=\" wp-image-1069\" src=\"http:\/\/museo.fcaglp.unlp.edu.ar\/wp-content\/uploads\/2020\/06\/FoP0046-w.jpg\" alt=\"\" width=\"355\" height=\"261\" \/><figcaption id=\"caption-attachment-1069\" class=\"wp-caption-text\">Edificio del Telescopio Astrogr\u00e1fico<\/figcaption><\/figure><\/li>\n<li>El edificio del\u00a0<a href=\"http:\/\/museo.fcaglp.unlp.edu.ar\/index.php\/telescopio-reflector\/\" target=\"_blank\" rel=\"noopener\">Reflector Gautier<\/a>\u00a0(<a href=\"http:\/\/museo.fcaglp.unlp.edu.ar\/inve\/documentos\/8-abri-1886.htm\" target=\"_blank\" rel=\"noopener\">1886<\/a>-1890).\n<p><figure id=\"attachment_1071\" aria-describedby=\"caption-attachment-1071\" style=\"width: 350px\" class=\"wp-caption alignnone\"><img loading=\"lazy\" decoding=\"async\" class=\" wp-image-1071\" src=\"http:\/\/museo.fcaglp.unlp.edu.ar\/wp-content\/uploads\/2020\/06\/FoP0069-w.jpg\" alt=\"\" width=\"350\" height=\"248\" \/><figcaption id=\"caption-attachment-1071\" class=\"wp-caption-text\">Edificio del Telescopio Reflector Gautier<\/figcaption><\/figure><\/li>\n<li>El edificio del\u00a0<a href=\"http:\/\/museo.fcaglp.unlp.edu.ar\/index.php\/telescopio-ecuatorial-2\/\" target=\"_blank\" rel=\"noopener\">Gran Ecuatorial Gautier\u00a0<\/a>(<a href=\"http:\/\/museo.fcaglp.unlp.edu.ar\/inve\/documentos\/04-mayo-1887.html\" target=\"_blank\" rel=\"noopener\">1887<\/a>-1895).\n<p><figure id=\"attachment_1078\" aria-describedby=\"caption-attachment-1078\" style=\"width: 372px\" class=\"wp-caption alignnone\"><img loading=\"lazy\" decoding=\"async\" class=\" wp-image-1078\" src=\"http:\/\/museo.fcaglp.unlp.edu.ar\/wp-content\/uploads\/2020\/06\/28065_A.jpg\" alt=\"\" width=\"372\" height=\"282\" \/><figcaption id=\"caption-attachment-1078\" class=\"wp-caption-text\">Archivo General de la Nacio\u0301n Dpto. Doc. Fotogra\u0301ficos. Imagen de 1925.<\/figcaption><\/figure><\/li>\n<li>El Pabell\u00f3n de Sism\u00f3grafos se construy\u00f3 en 1887 y albergaba originalmente instrumental magn\u00e9tico.\n<p><figure id=\"attachment_1074\" aria-describedby=\"caption-attachment-1074\" style=\"width: 354px\" class=\"wp-caption alignnone\"><img loading=\"lazy\" decoding=\"async\" class=\" wp-image-1074\" src=\"http:\/\/museo.fcaglp.unlp.edu.ar\/wp-content\/uploads\/2020\/06\/FoP0034-w.jpg\" alt=\"\" width=\"354\" height=\"265\" \/><figcaption id=\"caption-attachment-1074\" class=\"wp-caption-text\">Pabell\u00f3n de Sism\u00f3grafos<\/figcaption><\/figure><\/li>\n<\/ul>\n<p>Tambi\u00e9n se deben destacar lo siguiente:<\/p>\n<ul>\n<li class=\"p1\">Observaciones meteorol\u00f3gicas desde julio de 1885.<\/li>\n<li class=\"p1\">Anuarios del Observatorio desde 1887<\/li>\n<li class=\"p1\"><a href=\"http:\/\/museo.fcaglp.unlp.edu.ar\/index.php\/servicio-horario\/\" target=\"_blank\" rel=\"noopener\">Bola horaria en el puerto<\/a> y reloj p\u00fablico frente a la iglesia San Ponciano, desde 1888.<\/li>\n<li class=\"p1\">Determinaciones de latitud y longitud de La Plata, General Lavalle y Frao San Antonio.<\/li>\n<li class=\"p1\">Observaci\u00f3n del cometa Sawerthal en 1888.<\/li>\n<li class=\"p1\">Red meteorol\u00f3gica provincial: 1893<\/li>\n<li class=\"p1\">Carta del tiempo provincial, desde el 2 de septiembre de 1893<\/li>\n<\/ul>\n<p><strong>Personal del Observatorio en este per\u00edodo<\/strong><\/p>\n<ul>\n<li><strong>Francisco Beuf<\/strong> &#8211; Director<\/li>\n<li><strong>Guillermo S. Mac Carthy<\/strong> &#8211; Ayudante Astr\u00f3nomo<\/li>\n<li><strong>Virgilio Raffinetti<\/strong> &#8211; <a href=\"http:\/\/museo.fcaglp.unlp.edu.ar\/inve\/documentos\/21-feb-1894.html\" target=\"_blank\" rel=\"noopener\">Astr\u00f3nomo de 2\u00ba Clase<\/a> &#8211; <a href=\"http:\/\/museo.fcaglp.unlp.edu.ar\/inve\/documentos\/24-oct-1894.html\" target=\"_blank\" rel=\"noopener\">Astr\u00f3nomo de 1\u00ba Clase<\/a><\/li>\n<li><strong>Abraham Tapia<\/strong> &#8211; <a href=\"http:\/\/museo.fcaglp.unlp.edu.ar\/inve\/documentos\/24-oct-1894.html\" target=\"_blank\" rel=\"noopener\">Astr\u00f3nomo de 2\u00ba Clase<\/a><\/li>\n<li><strong>Carlos P. Salas<\/strong> &#8211; <a href=\"http:\/\/museo.fcaglp.unlp.edu.ar\/inve\/documentos\/27-dic-1888.html\" target=\"_blank\" rel=\"noopener\">Ayudante Astr\u00f3nomo<\/a><\/li>\n<li><strong>Luis A. \u00c1lvarez<\/strong> &#8211; Ayudante Astr\u00f3nomo<\/li>\n<li><strong>V\u00edctor Beuf<\/strong> &#8211; Encargado del Servicio Meteorol\u00f3gico y Magn\u00e9tico<\/li>\n<li><strong>Gregorio C\u00e1nepa<\/strong> &#8211; Secretario y Bibliotecario<\/li>\n<li><strong>Carlos Bergara<\/strong> &#8211; <a href=\"http:\/\/museo.fcaglp.unlp.edu.ar\/inve\/documentos\/22-ene-1889.html\" target=\"_blank\" rel=\"noopener\">Escribiente<\/a><\/li>\n<li><strong>Jos\u00e9 M. Perotti<\/strong> &#8211; <a href=\"http:\/\/museo.fcaglp.unlp.edu.ar\/inve\/documentos\/27-jul-1889.html\" target=\"_blank\" rel=\"noopener\">Escribiente<\/a><\/li>\n<li><strong>Juan Agazzi<\/strong> &#8211; <a href=\"http:\/\/museo.fcaglp.unlp.edu.ar\/inve\/documentos\/07-ago-1885.html\" target=\"_blank\" rel=\"noopener\">Mayordomo<\/a><\/li>\n<li><strong>Jos\u00e9 M. Mendiboure<\/strong> &#8211; <a href=\"http:\/\/museo.fcaglp.unlp.edu.ar\/inve\/documentos\/21-ene-1889.html\" target=\"_blank\" rel=\"noopener\">Ayudante de Observaciones<\/a><\/li>\n<li><strong>Alfredo Perez Mendoza<\/strong> &#8211;<a href=\"http:\/\/museo.fcaglp.unlp.edu.ar\/inve\/documentos\/18-mar-1886.html\" target=\"_blank\" rel=\"noopener\">Alumno Astr\u00f3nomo<\/a><\/li>\n<li><strong>Eusebio Derriard<\/strong> &#8211; <a href=\"http:\/\/museo.fcaglp.unlp.edu.ar\/inve\/documentos\/25-sep-1888.html\" target=\"_blank\" rel=\"noopener\">Ayudante de Observaciones<\/a><\/li>\n<li><strong>Esteban Gavarry<\/strong> &#8211; Mec\u00e1nico<\/li>\n<\/ul>\n<p>&nbsp;<\/p>\n","protected":false},"excerpt":{"rendered":"<p>Francisco Beuf fue designado encargado de la direcci\u00f3n de las obras del Observatorio Astron\u00f3mico, el 22 de noviembre\u00a0 de 1883. Bajo su direcci\u00f3n se erigieron gran parte de los edificios, pabellones y otras estructuras del Observatorio. Se adquirieron distinto tipo de instrumental topogr\u00e1fico, astron\u00f3mico, meteorol\u00f3gico y geomagn\u00e9tico. \u00a0Fue el primer director que asumi\u00f3 compromisos internacionales &hellip; <\/p>\n<p class=\"link-more\"><a href=\"http:\/\/museo.fcaglp.unlp.edu.ar\/index.php\/tte-francisco-beuf-1883-1899\/\" class=\"more-link\">Continuar leyendo<span class=\"screen-reader-text\"> \u00abFrancisco Beuf (1883-1899)\u00bb<\/span><\/a><\/p>\n","protected":false},"author":1,"featured_media":0,"parent":0,"menu_order":0,"comment_status":"closed","ping_status":"closed","template":"","meta":{"footnotes":""},"class_list":["post-761","page","type-page","status-publish","hentry"],"_links":{"self":[{"href":"http:\/\/museo.fcaglp.unlp.edu.ar\/index.php\/wp-json\/wp\/v2\/pages\/761","targetHints":{"allow":["GET"]}}],"collection":[{"href":"http:\/\/museo.fcaglp.unlp.edu.ar\/index.php\/wp-json\/wp\/v2\/pages"}],"about":[{"href":"http:\/\/museo.fcaglp.unlp.edu.ar\/index.php\/wp-json\/wp\/v2\/types\/page"}],"author":[{"embeddable":true,"href":"http:\/\/museo.fcaglp.unlp.edu.ar\/index.php\/wp-json\/wp\/v2\/users\/1"}],"replies":[{"embeddable":true,"href":"http:\/\/museo.fcaglp.unlp.edu.ar\/index.php\/wp-json\/wp\/v2\/comments?post=761"}],"version-history":[{"count":54,"href":"http:\/\/museo.fcaglp.unlp.edu.ar\/index.php\/wp-json\/wp\/v2\/pages\/761\/revisions"}],"predecessor-version":[{"id":1140,"href":"http:\/\/museo.fcaglp.unlp.edu.ar\/index.php\/wp-json\/wp\/v2\/pages\/761\/revisions\/1140"}],"wp:attachment":[{"href":"http:\/\/museo.fcaglp.unlp.edu.ar\/index.php\/wp-json\/wp\/v2\/media?parent=761"}],"curies":[{"name":"wp","href":"https:\/\/api.w.org\/{rel}","templated":true}]}}